s digit of 2942259?
9
What is the hundred thousands digit of 56847831?
8
What is the hundreds digit of 48816993?
9
What is the tens digit of 449220390?
9
What is the thousands digit of 95476234?
6
What is the hundred thousands digit of 3419609387?
6
What is the units digit of 466414323?
3
What is the ten thousands digit of 44003917?
0
What is the millions digit of 9729206?
9
What is the thousands digit of 49443572?
3
What is the hundred thousands digit of 356190955?
1
What is the ten millions digit of 2104969188?
0
What is the thousands digit of 99073207?
3
What is the ten thousands digit of 12933833?
3
What is the millions digit of 251474082?
1
What is the hundreds digit of 104720312?
3
What is the ten thousands digit of 1377302604?
0
What is the ten millions digit of 524013426?
2
What is the hundreds digit of 7325967780?
7
What is the hundreds digit of 138813947?
9
What is the ten thousands digit of 759237183?
3
What is the billions digit of 5372193702?
5
What is the ten thousands digit of 30938579?
3
What is the hundred thousands digit of 1697932277?
9
What is the hundreds digit of 637257862?
8
What is the thousands digit of 14419502?
9
What is the millions digit of 268544608?
8
What is the tens digit of 107234119?
1
What is the tens digit of 537885622?
2
What is the tens digit of 187883228?
2
What is the millions digit of 124735437?
4
What is the hundred thousands digit of 4375911451?
9
What is the millions digit of 59570346?
9
What is the units digit of 822233122?
2
What is the hundred millions digit of 133051331?
1
What is the hundred thousands digit of 24065673?
0
What is the millions digit of 5672178869?
2
What is the thousands digit of 1234756770?
6
What is the hundred thousands digit of 964545460?
5
What is the millions digit of 81169270?
1
What is the ten thousands digit of 244123453?
2
What is the tens digit of 158196428?
2
What is the hundreds digit of 726025765?
7
What is the tens digit of 3530477?
7
What is the units digit of 419497956?
6
What is the ten thousands digit of 14065761?
6
What is the tens digit of 34692863?
6
What is the units digit of 55447148?
8
What is the hundred millions digit of 241432431?
2
What is the ten millions digit of 17053257?
1
What is the thousands digit of 398576284?
6
What is the hundred thousands digit of 98036446?
0
What is the units digit of 327026951?
1
What is the tens digit of 197327617?
1
What is the hundreds digit of 486623672?
6
What is the hundred millions digit of 5213065553?
2
What is the thousands digit of 33141386?
1
What is the ten millions digit of 93822267?
9
What is the tens digit of 483485925?
2
What is the ten thousands digit of 6015918?
1
What is the units digit of 5296911?
1
What is the ten millions digit of 130765354?
3
What is the hundreds digit of 37433220?
2
What is the hundreds digit of 58103778?
7
What is the ten thousands digit of 61242512?
4
What is the hundred thousands digit of 3467351758?
3
What is the tens digit of 47570713?
1
What is the hundred thousands digit of 109384809?
3
What is the hundreds digit of 3883352653?
6
What is the ten thousands digit of 9238816?
3
What is the hundred thousands digit of 3351555?
3
What is the ten thousands digit of 48639844?
3
What is the tens digit of 2636608622?
2
What is the hundred thousands digit of 1843537206?
5
What is the thousands digit of 438287288?
7
What is the tens digit of 50250765?
6
What is the units digit of 438183358?
8
What is the hundreds digit of 9953162?
1
What is the ten millions digit of 65081398?
6
What is the ten millions digit of 234091607?
3
What is the hundreds digit of 244549720?
7
What is the hundred millions digit of 135593721?
1
What is the hundreds digit of 14442486?
4
What is the hundred millions digit of 674860471?
6
What is the ten millions digit of 5643900960?
4
What is the millions digit of 436114863?
6
What is the tens digit of 3168991513?
1
What is the millions digit of 500557125?
0
What is the hundred thousands digit of 871175995?
1
What is the ten thousands digit of 87277062?
7
What is the ten thousands digit of 157050247?
5
What is the units digit of 1500496905?
5
What is the ten thousands digit of 129041994?
4
What is the ten thousands digit of 3539756318?
5
What is the hundreds digit of 27895492?
4
What is the millions digit of 54024732?
4
What is the ten millions digit of 105756591?
0
What is the hundreds digit of 97540886?
8
What is the hundreds digit of 164150661?
6
What is the hundreds digit of 67550979?
9
What is the units digit of 90559539?
9
What is the ten thousands digit of 243529002?
2
What is the thousands digit of 19090799?
0
What is the tens digit of 282706621?
2
What is the units digit of 23920866?
6
What is the billions digit of 2834753712?
2
What is the hundred thousands digit of 317348141?
3
What is the hundred thousands digit of 1078097122?
0
What is the units digit of 31575784?
4
What is the ten thousands digit of 65666899?
6
What is the ten thousands digit of 18250679?
5
What is the hundred thousands digit of 122892594?
8
What is the tens digit of 1507005143?
4
What is the millions digit of 321806694?
1
What is the ten thousands digit of 15669368?
6
What is the hundreds digit of 24880587?
5
What is the hundred millions digit of 331981086?
3
What is the hundred thousands digit of 153487340?
4
What is the ten millions digit of 624674150?
2
What is the units digit of 4274695?
5
What is the tens digit of 80352649?
4
What is the units digit of 270359734?
4
What is the hundred thousands digit of 43281332?
2
What is the tens digit of 637956501?
0
What is the thousands digit of 72012315?
2
What is the thousands digit of 48731152?
1
What is the ten millions digit of 5750847304?
5
What is the thousands digit of 255660501?
0
What is the hundreds digit of 1224089390?
3
What is the hundreds digit of 3289979?
9
What is the hundred millions digit of 1017453690?
0
What is the millions digit of 796405679?
6
What is the hundreds digit of 41155258?
2
What is the hundred thousands digit of 432942101?
9
What is the hundred thousands digit of 513018962?
0
What is the hundreds digit of 12710458?
4
What is the ten millions digit of 4075612246?
7
What is the hundred millions digit of 2233150246?
2
What is the ten thousands digit of 1750960646?
6
What is the millions digit of 797541416?
7
What is the units digit of 160450422?
2
What is the tens digit of 853523515?
1
What is the thousands digit of 1388974650?
4
What is the billions digit of 4162838397?
4
What is the billions digit of 4685308831?
4
What is the thousands digit of 34576549?
6
What is the tens digit of 306245040?
4
What is the billions digit of 2284845041?
2
What is the ten thousands digit of 1122633100?
3
What is the thousands digit of 874276794?
6
What is the ten thousands digit of 76286496?
8
What is the units digit of 110907931?
1
What is the thousands digit of 12070475?
0
What is the thousands digit of 66129506?
9
What is the hundreds digit of 3128207872?
8
What is the hundred millions digit of 106484793?
1
What is the thousands digit of 394582287?
2
What is the units digit of 88187712?
2
What is the hundreds digit of 2778022936?
9
What is the ten thousands digit of 1483087207?
8
What is the ten thousands digit of 63643834?
4
What is the ten millions digit of 168967285?
6
What is the ten millions digit of 2619134707?
1
What is the ten thousands digit of 159908039?
0
What is the ten thousands digit of 3386614084?
1
What is the thousands digit of 3221400785?
0
What is the hundreds digit of 166120331?
3
What is the ten thousands digit of 98704595?
0
What is the thousands digit of 255127732?
7
What is the hundred thousands digit of 937035732?
0
What is the millions digit of 866177236?
6
What is the units digit of 89042061?
1
What is the hundred millions digit of 563576479?
5
What is the units digit of 260473534?
4
What is the hundreds digit of 236869543?
5
What is the hundred thousands digit of 3039180905?
1
What is the billions digit of 1241485344?
1
What is the ten thousands digit of 1853227535?
2
What is the hundred millions digit of 108128704?
1
What is the hundreds digit of 400026430?
4
What is the millions digit of 367939956?
7
What is the millions digit of 110068368?
0
What is the millions digit of 418514988?
8
What 